4ec
In base 13, what is -6c + -1b9679?
-1b9718
In base 8, what is -10061767 + -13?
-10062002
In base 16, what is b - -920ce2?
920ced
In base 7, what is 155131123 + -2?
155131121
In base 4, what is 230 - -2133333233110?
2133333300000
In base 15, what is -2122 - -194?
-1e7d
In base 15, what is 3 - -97a3b0?
97a3b3
In base 4, what is -201021012300 - 0?
-201021012300
In base 12, what is -1355 + 1b00?
767
In base 15, what is -12e - 26d6?
-2815
In base 12, what is 5 - 1603b2?
-1603a9
In base 6, what is 224 - -15151325?
15151553
In base 2, what is -111111001111 - 101100100011?
-1101011110010
In base 3, what is -1012211002011021 - 2?
-1012211002011100
In base 4, what is -1332210 + -332211?
-2331021
In base 5, what is -2 + -2241323343?
-2241323400
In base 13, what is -443323a - -1?
-4433239
In base 9, what is 14 - -30387810?
30387824
In base 4, what is -10202211232 + 13?
-10202211213
In base 3, what is -12100101002022 - 12?
-12100101002111
In base 6, what is -3123101 - -320?
-3122341
In base 10, what is -89 - -94667?
94578
In base 7, what is -2403013 - 243?
-2403256
In base 16, what is 180e - -418b?
5999
In base 8, what is -77734456 - 2?
-77734460
In base 7, what is 244502453 - 4?
244502446
In base 2, what is -110111 + -10101011110011010?
-10101011111010001
In base 4, what is -2 - 31312310302?
-31312310310
In base 4, what is 1320203 - -10102021?
12022230
In base 6, what is 1015425 + 124510?
1144335
In base 10, what is -18268121 - 2?
-18268123
In base 11, what is 0 + 27a0378?
27a0378
In base 2, what is 10110011101011110001010 + 11?
10110011101011110001101
In base 6, what is 200 + 25451150?
25451350
In base 12, what is 64 + 19a621?
19a685
In base 9, what is 84 + -1570871?
-1570776
In base 3, what is 1100202211022 - -21?
1100202211120
In base 16, what is -2787 - 9f?
-2826
In base 2, what is 101 + -100000100010100100010011?
-100000100010100100001110
In base 13, what is -6ca1 + 48a?
-6814
In base 8, what is 1537241 + 2756?
1542217
In base 16, what is 7 + -280104?
-2800fd
In base 2, what is -111101010010000010 - 101?
-111101010010000111
In base 10, what is -290221 - -65?
-290156
In base 9, what is 63837 - 2180?
61647
In base 5, what is -110033124323 - -4?
-110033124314
In base 6, what is 1152 - -24152?
25344
In base 2, what is -10010100000111110 - -110101?
-10010100000001001
In base 7, what is 3 + -1012501333?
-1012501330
In base 14, what is 168d6aa + 5?
168d6b1
In base 13, what is -a136 - 150aa?
-22213
In base 5, what is -302423 + 2142202?
1334224
In base 12, what is -1 + 235b5a?
235b59
In base 13, what is -3 + -50c3904?
-50c3907
In base 12, what is 1b593 - -506?
1ba99
In base 5, what is -134 + 41142330?
41142141
In base 4, what is 0 + -32322011303?
-32322011303
In base 6, what is 55453 - 42555?
12454
In base 7, what is 3 - 6216006136?
-6216006133
In base 2, what is 100111010101100100010100110 - -100?
100111010101100100010101010
In base 16, what is 56e - -109ec?
10f5a
In base 12, what is -b63 - -30266?
2b303
In base 14, what is -17b39719 - -2?
-17b39717
In base 2, what is 1011001101001 + -100100100100?
110101000101
In base 12, what is 109b2a8 + a?
109b2b6
In base 12, what is 3128686a - 3?
31286867
In base 5, what is 1120242 + 1414?
1122211
In base 3, what is -100211122120 - -20011110?
-100121111010
In base 7, what is -4 - 1322565341?
-1322565345
In base 15, what is -6734691 - -1?
-6734690
In base 2, what is -101100111100001000 - -10100110100?
-101100100111010100
In base 9, what is 682 + -1383008?
-1382216
In base 10, what is -14 - -24628664?
24628650
In base 2, what is -1010000101011001011100110 + 1?
-1010000101011001011100101
In base 11, what is -2 - 393564a8?
-393564aa
In base 6, what is 1053 - 124230544?
-124225451
In base 15, what is 380b0 - 212?
37d9d
In base 11, what is 2753 - -35291?
37a34
In base 14, what is 3 + -1518407?
-1518404
In base 8, what is -1 + 7250244?
7250243
In base 15, what is -5 + -81e755?
-81e75a
In base 4, what is 1121013020 + 121?
1121013201
In base 8, what is 4 + 104644164?
104644170
In base 8, what is -355 - -123421?
123044
In base 6, what is -2 - -51402322205?
51402322203
In base 7, what is -16 + -26666126?
-26666145
In base 14, what is -19ac6d8 + -51?
-19ac749
In base 4, what is -11200333 + -11003?
-11212002
In base 7, what is 21 - 16540243?
-16540222
In base 6, what is 301524 - -4255?
310223
In base 11, what is -a009974 + 5?
-a00996a
In base 16, what is 117c5 + 18f7?
130bc
In base 2, what is -101111011111 + 110000001001011?
101010001101100
In base 9, what is 14 + 3511666?
3511681
In base 3, what is -10012200 - 1112122121?
-1122212021
In base 16, what is 2ed8 - -733b?
a213
In base 4, what is 13000 + 30002012?
30021012
In base 7, what is 3220545 - 1141?
3216404
In base 3, what is 112021210 + -1202202002?
-1020110022
In base 7, what is -10 - -231516432?
231516422
In base 4, what is 1000 + 1113121221311?
1113121222311
In base 16, what is 8bfcc - 222?
8bdaa
In base 4, what is 30 - -1211110001323?
1211110002013
In base 10, what is -166775 - -13?
-166762
In base 10, what is -182036498 - 1?
-182036499
In base 7, what is -235 - -32456162?
32455624
In base 16, what is -85 + 366fa?
36675
In base 16, what is -94963127 - 1?
-94963128
In base 7, what is -4 - -102350252?
102350245
In base 9, what is 6 - 8457868?
-8457862
In base 9, what is 7003620 + -1?
7003618
In base 12, what is 13476682 - 12?
13476670
In base 13, what is -427131 - 3?
-427134
In base 13, what is 195 + 29a00?
29b95
In base 3, what is 2 + 12121020102200?
12121020102202
In base 14, what is -9859d + 3?
-9859a
In base 2, what is -10100 + -101101001010100001010011?
-101101001010100001100111
In base 8, what is 1433505 - -3?
1433510
In base 12, what is 37b1523 - -3?
37b1526
In base 4, what is -3203 - 3112011010?
-3112020213
In base 11, what is -367 + 59092?
58826
In base 12, what is 73aa8ba3 - -2?
73aa8ba5
In base 9, what is -1 + -72725157?
-72725158
In base 13, what is -7b3 - -73c3?
6910
In base 6, what is -35021340423 + -2?
-35021340425
In base 14, what is -8c66 - -1a?
-8c4a
In base 10, what is -3 - -906901?
906898
In base 4, what is 3121 - 31022113101?
-31022103320
In base 2, what is 100 - -110110100001111000000?
110110100001111000100
In base 3, what is 0 + 222010102210011?
222010102210011
In base 8, what is -6170254 - -404?
-6167650
In base 6, what is 21 - 34120515?
-34120454
In base 14, what is -7751 + 792?
-6d9d
In base 11, what is -9 + 7787471a?
77874711
In base 14, what is 4 + -703aaa1?
-703aa9b
In base 4, what is 10013120 - 20212?
3332302
In base 14, what is 15c153 + -5?
15c14c
In base 7, what is -6162533 - 5?
-6162541
In base 3, what is 12202210220 - 2212012?
12122221201
In base 13, what is 235c4b7 - 2?
235c4b5
In base 5, what is -212220102 - -4?
-212220043
In base 12, what is 1534 - -10a9?
2621
In base 5, what is 113313 - 434111?
-320243
In base 9, what is 136 - 3618?
-3472
In base 6, what is 4 + -20022150?
-20022142
In base 15, what is 6 - 21b4e703?
-21b4e6ec
In base 12, what is 18 - 1594396?
-159437a
In base 5, what is 34112323 - -330?
34113203
In base 10, what is 13613588 - -30?
13613618
In base 2, what is -1001111110 + 100001111100110?
100000101101000
In base 13, what is -1030cbb + -3?
-1030cc1
In base 9, what is -78248336 + -4?
-78248341
In base 15, what is 21a06ee + -2?
21a06ec
In base 15, what is -4077d + 683?
-400ea
In base 7, what is -41 - -1040104035?
1040103664
In base 14, what is 9 + -2bba29?
-2bba20
In base 9, what is -67 - -1238284?
1238216
In base 3, what is -100210020000020 - -11?
-100210020000002
In base 10, what is -13505878 + 0?
-13505878
In base 3, what is 2100021211 + -121102200?
1201212011
In base 14, what is 1a760a9 + 12?
1a760bb
In base 3, what is 2211 + 100101111210?
100101121121
In base 13, what is -4979 + 33b?
-463b
In base 7, what is -4 + -50463545?
-50463552
In base 16, what is -b + 91c2?
91b7
In base 16, what is 451 - 10e77a?
-10e329
In base 10, what is -1 - -92818836?
92818835
In base 9, what is 411642334 - -5?
411642340
In base 14, what is -32 - -597da?
597a8
In base 11, what is -4 - -7aa3855?
7aa3851
In base 13, what is -5 + 1a21459?
1a21454
In base 15, what is 857d + 186?
8714
In base 15, what is 192412 - 7c?
192385
In base 14, what is 284 - -1c56c?
1c812
In base 13, what is 177c1 - 1c?
177a2
In base 9, what is -34413110 - 2?
-34413